{"id":31,"date":"2018-06-08T11:17:23","date_gmt":"2018-06-08T10:17:23","guid":{"rendered":"http:\/\/ampitafa2018.misijon-madagaskar.si\/?page_id=31"},"modified":"2018-10-11T18:20:22","modified_gmt":"2018-10-11T17:20:22","slug":"sponzorji","status":"publish","type":"page","link":"https:\/\/ampitafa2018.misijon-madagaskar.si\/index.php\/sponzorji\/","title":{"rendered":"Sponzorji"},"content":{"rendered":"<p>Sponzorji:Luka Ma\u010dek s.p. &#8211; predstavitveni video, Jo\u017ee Malovrh s.p. &#8211; vezni tekst v videu, \u017diga Lov\u0161in &#8211; fotografije<\/p>\n<figure id=\"attachment_3100\" aria-describedby=\"caption-attachment-3100\" style=\"width: 239px\" class=\"wp-caption alignnone\"><img loading=\"lazy\" class=\"wp-image-3100\" src=\"https:\/\/ampitafa2018.misijon-madagaskar.si\/wp-content\/uploads\/2018\/07\/pg.jpg\" alt=\"\" width=\"239\" height=\"198\" \/><figcaption id=\"caption-attachment-3100\" class=\"wp-caption-text\">Ob\u010dina Dobrova &#8211; Polhov Gradec<\/figcaption><\/figure>\n<p><img loading=\"lazy\" class=\"alignnone size-medium wp-image-3101\" src=\"https:\/\/ampitafa2018.misijon-madagaskar.si\/wp-content\/uploads\/2018\/07\/pio-iska-logo-300x200.jpg\" alt=\"\" width=\"300\" height=\"200\" srcset=\"https:\/\/ampitafa2018.misijon-madagaskar.si\/wp-content\/uploads\/2018\/07\/pio-iska-logo-300x200.jpg 300w, https:\/\/ampitafa2018.misijon-madagaskar.si\/wp-content\/uploads\/2018\/07\/pio-iska-logo-272x182.jpg 272w, https:\/\/ampitafa2018.misijon-madagaskar.si\/wp-content\/uploads\/2018\/07\/pio-iska-logo.jpg 720w\" sizes=\"(max-width: 300px) 100vw, 300px\" \/><\/p>\n<p><img loading=\"lazy\" class=\"alignnone size-medium wp-image-3099\" src=\"https:\/\/ampitafa2018.misijon-madagaskar.si\/wp-content\/uploads\/2018\/07\/gv-300x251.jpg\" alt=\"\" width=\"300\" height=\"251\" srcset=\"https:\/\/ampitafa2018.misijon-madagaskar.si\/wp-content\/uploads\/2018\/07\/gv-300x251.jpg 300w, https:\/\/ampitafa2018.misijon-madagaskar.si\/wp-content\/uploads\/2018\/07\/gv-768x643.jpg 768w, https:\/\/ampitafa2018.misijon-madagaskar.si\/wp-content\/uploads\/2018\/07\/gv.jpg 793w\" sizes=\"(max-width: 300px) 100vw, 300px\" \/><\/p>\n<p>&nbsp;<\/p>\n<figure id=\"attachment_3094\" aria-describedby=\"caption-attachment-3094\" style=\"width: 172px\" class=\"wp-caption alignnone\"><img loading=\"lazy\" class=\"wp-image-3094\" src=\"https:\/\/ampitafa2018.misijon-madagaskar.si\/wp-content\/uploads\/2018\/07\/AMBULANTA-\u0160UBIC-d.o.o.-300x268.jpg\" alt=\"\" width=\"172\" height=\"154\" srcset=\"https:\/\/ampitafa2018.misijon-madagaskar.si\/wp-content\/uploads\/2018\/07\/AMBULANTA-\u0160UBIC-d.o.o.-300x268.jpg 300w, https:\/\/ampitafa2018.misijon-madagaskar.si\/wp-content\/uploads\/2018\/07\/AMBULANTA-\u0160UBIC-d.o.o..jpg 353w\" sizes=\"(max-width: 172px) 100vw, 172px\" \/><figcaption id=\"caption-attachment-3094\" class=\"wp-caption-text\">Ambulanta \u0160ubic d.o.o.<\/figcaption><\/figure>\n<p>Dru\u017einska medicina Janez Koprivec, d.o.o.<\/p>\n<p>Ambulanta Lah, d.o.o.<\/p>\n<p>Gigaspark d.o.o.<br \/>\n<a href=\"https:\/\/ampitafa2018.misijon-madagaskar.si\/wp-content\/uploads\/2018\/06\/gigaspark.jpg\"><img loading=\"lazy\" class=\"alignnone size-full wp-image-3035\" src=\"https:\/\/ampitafa2018.misijon-madagaskar.si\/wp-content\/uploads\/2018\/06\/gigaspark.jpg\" alt=\"\" width=\"219\" height=\"74\" \/><\/a><\/p>\n<p>Ob\u010dina \u017diri<br \/>\n<a href=\"https:\/\/ampitafa2018.misijon-madagaskar.si\/wp-content\/uploads\/2018\/06\/obcina-ziri-1.png\"><img loading=\"lazy\" class=\"alignnone size-full wp-image-3034\" src=\"https:\/\/ampitafa2018.misijon-madagaskar.si\/wp-content\/uploads\/2018\/06\/obcina-ziri-1.png\" alt=\"\" width=\"194\" height=\"229\" \/><\/a><\/p>\n<p><img loading=\"lazy\" class=\"\" src=\"https:\/\/i.vimeocdn.com\/portrait\/13098226_300x300\" alt=\"Rezultat iskanja slik za zaloker&amp;zaloker\" width=\"205\" height=\"205\" \/><\/p>\n<p><img loading=\"lazy\" class=\"alignnone size-full wp-image-3202\" src=\"https:\/\/ampitafa2018.misijon-madagaskar.si\/wp-content\/uploads\/2018\/10\/sch.png\" alt=\"\" width=\"225\" height=\"225\" srcset=\"https:\/\/ampitafa2018.misijon-madagaskar.si\/wp-content\/uploads\/2018\/10\/sch.png 225w, https:\/\/ampitafa2018.misijon-madagaskar.si\/wp-content\/uploads\/2018\/10\/sch-150x150.png 150w\" sizes=\"(max-width: 225px) 100vw, 225px\" \/><\/p>\n<p><img loading=\"lazy\" class=\"alignnone wp-image-3113\" src=\"https:\/\/ampitafa2018.misijon-madagaskar.si\/wp-content\/uploads\/2018\/08\/image003.jpg\" alt=\"\" width=\"120\" height=\"121\" \/><\/p>\n<p><img loading=\"lazy\" class=\"alignnone size-medium wp-image-3200\" src=\"https:\/\/ampitafa2018.misijon-madagaskar.si\/wp-content\/uploads\/2018\/10\/CETIS-logo-original-300x149.png\" alt=\"\" width=\"300\" height=\"149\" srcset=\"https:\/\/ampitafa2018.misijon-madagaskar.si\/wp-content\/uploads\/2018\/10\/CETIS-logo-original-300x149.png 300w, https:\/\/ampitafa2018.misijon-madagaskar.si\/wp-content\/uploads\/2018\/10\/CETIS-logo-original-768x381.png 768w, https:\/\/ampitafa2018.misijon-madagaskar.si\/wp-content\/uploads\/2018\/10\/CETIS-logo-original-1024x508.png 1024w, https:\/\/ampitafa2018.misijon-madagaskar.si\/wp-content\/uploads\/2018\/10\/CETIS-logo-original-350x175.png 350w, https:\/\/ampitafa2018.misijon-madagaskar.si\/wp-content\/uploads\/2018\/10\/CETIS-logo-original.png 1200w\" sizes=\"(max-width: 300px) 100vw, 300px\" \/><\/p>\n<p><!--more--><\/p>\n<p><!--more--><\/p>\n","protected":false},"excerpt":{"rendered":"<p>Sponzorji:Luka Ma\u010dek s.p. &#8211; predstavitveni video, Jo\u017ee Malovrh s.p. &#8211; vezni tekst v videu, \u017diga Lov\u0161in &#8211; fotografije &nbsp; Dru\u017einska medicina Janez Koprivec, d.o.o. Ambulanta Lah, d.o.o. Gigaspark d.o.o. Ob\u010dina \u017diri<\/p>\n","protected":false},"author":1,"featured_media":0,"parent":0,"menu_order":0,"comment_status":"closed","ping_status":"closed","template":"","meta":[],"_links":{"self":[{"href":"https:\/\/ampitafa2018.misijon-madagaskar.si\/index.php\/wp-json\/wp\/v2\/pages\/31"}],"collection":[{"href":"https:\/\/ampitafa2018.misijon-madagaskar.si\/index.php\/wp-json\/wp\/v2\/pages"}],"about":[{"href":"https:\/\/ampitafa2018.misijon-madagaskar.si\/index.php\/wp-json\/wp\/v2\/types\/page"}],"author":[{"embeddable":true,"href":"https:\/\/ampitafa2018.misijon-madagaskar.si\/index.php\/wp-json\/wp\/v2\/users\/1"}],"replies":[{"embeddable":true,"href":"https:\/\/ampitafa2018.misijon-madagaskar.si\/index.php\/wp-json\/wp\/v2\/comments?post=31"}],"version-history":[{"count":12,"href":"https:\/\/ampitafa2018.misijon-madagaskar.si\/index.php\/wp-json\/wp\/v2\/pages\/31\/revisions"}],"predecessor-version":[{"id":3203,"href":"https:\/\/ampitafa2018.misijon-madagaskar.si\/index.php\/wp-json\/wp\/v2\/pages\/31\/revisions\/3203"}],"wp:attachment":[{"href":"https:\/\/ampitafa2018.misijon-madagaskar.si\/index.php\/wp-json\/wp\/v2\/media?parent=31"}],"curies":[{"name":"wp","href":"https:\/\/api.w.org\/{rel}","templated":true}]}}